[INFO] cloning repository https://github.com/jcaesar/ftp2mfs
[INFO] running `Command { std: "git" "-c" "credential.helper=" "-c" "credential.helper=/workspace/cargo-home/bin/git-credential-null" "clone" "--bare" "https://github.com/jcaesar/ftp2mfs" "/workspace/cache/git-repos/https%3A%2F%2Fgithub.com%2Fjcaesar%2Fftp2mfs", kill_on_drop: false }`
[INFO] [stderr] Cloning into bare repository '/workspace/cache/git-repos/https%3A%2F%2Fgithub.com%2Fjcaesar%2Fftp2mfs'...
[INFO] running `Command { std: "git" "rev-parse" "HEAD", kill_on_drop: false }`
[INFO] [stdout] abc5a1f7b7080a1fdb9caa2880fe09d9f8087e14
[INFO] checking jcaesar/ftp2mfs against try#72f88fc4e9458f89516a0b8b0868f3718aec5b47 for pr-74989
[INFO] running `Command { std: "git" "clone" "/workspace/cache/git-repos/https%3A%2F%2Fgithub.com%2Fjcaesar%2Fftp2mfs" "/workspace/builds/worker-3/source", kill_on_drop: false }`
[INFO] [stderr] Cloning into '/workspace/builds/worker-3/source'...
[INFO] [stderr] done.
[INFO] validating manifest of git repo https://github.com/jcaesar/ftp2mfs on toolchain 72f88fc4e9458f89516a0b8b0868f3718aec5b47
[INFO] running `Command { std: "/workspace/cargo-home/bin/cargo" "+72f88fc4e9458f89516a0b8b0868f3718aec5b47" "read-manifest" "--manifest-path" "Cargo.toml", kill_on_drop: false }`
[INFO] started tweaking git repo https://github.com/jcaesar/ftp2mfs
[INFO] removed workspace from git repo https://github.com/jcaesar/ftp2mfs
[INFO] removed path dependency arrsync from git repo https://github.com/jcaesar/ftp2mfs
[INFO] removed path dependency ipfs-mfs from git repo https://github.com/jcaesar/ftp2mfs
[INFO] removed path dependency unmemftp from git repo https://github.com/jcaesar/ftp2mfs
[INFO] finished tweaking git repo https://github.com/jcaesar/ftp2mfs
[INFO] tweaked toml for git repo https://github.com/jcaesar/ftp2mfs written to /workspace/builds/worker-3/source/Cargo.toml
[INFO] crate git repo https://github.com/jcaesar/ftp2mfs already has a lockfile, it will not be regenerated
[INFO] running `Command { std: "/workspace/cargo-home/bin/cargo" "+72f88fc4e9458f89516a0b8b0868f3718aec5b47" "fetch" "--locked" "--manifest-path" "Cargo.toml", kill_on_drop: false }`
[INFO] [stderr] warning: dependency (unmemftp) specified without providing a local path, Git repository, or version to use. This will be considered an error in future versions
[INFO] [stderr]     Updating crates.io index
[INFO] [stderr] error: the lock file /workspace/builds/worker-3/source/Cargo.lock needs to be updated but --locked was passed to prevent this
[INFO] [stderr] If you want to try to generate the lock file without accessing the network, use the --offline flag.
[INFO] the lockfile is outdated, regenerating it
[INFO] running `Command { std: "/workspace/cargo-home/bin/cargo" "+72f88fc4e9458f89516a0b8b0868f3718aec5b47" "generate-lockfile" "--manifest-path" "Cargo.toml" "-Zno-index-update", kill_on_drop: false }`
[INFO] [stderr]     Blocking waiting for file lock on package cache
[INFO] running `Command { std: "/workspace/cargo-home/bin/cargo" "+72f88fc4e9458f89516a0b8b0868f3718aec5b47" "fetch" "--locked" "--manifest-path" "Cargo.toml", kill_on_drop: false }`
[INFO] [stderr] warning: dependency (unmemftp) specified without providing a local path, Git repository, or version to use. This will be considered an error in future versions
[INFO] [stderr]     Blocking waiting for file lock on package cache
[INFO] [stderr]  Downloading crates ...
[INFO] [stderr]   Downloaded async-compression v0.3.5
[INFO] [stderr]   Downloaded multihash v0.11.4
[INFO] [stderr]   Downloaded pathdiff v0.2.0
[INFO] [stderr]   Downloaded protobuf v2.17.0
[INFO] [stderr]   Downloaded hyper-multipart-rfc7578 v0.4.0-rc
[INFO] [stderr]   Downloaded common-multipart-rfc7578 v0.2.0-rc
[INFO] [stderr]   Downloaded block-padding v0.2.1
[INFO] [stderr]   Downloaded parity-multiaddr v0.9.2
[INFO] [stderr]   Downloaded blake2s_simd v0.5.10
[INFO] [stderr]   Downloaded unsigned-varint v0.5.1
[INFO] [stderr]   Downloaded typed-builder v0.6.0
[INFO] [stderr]   Downloaded brotli-decompressor v2.3.1
[INFO] [stderr]   Downloaded unsigned-varint v0.4.0
[INFO] [stderr]   Downloaded proxy-protocol v0.1.1
[INFO] [stderr]   Downloaded arrsync v0.0.0
[INFO] [stderr]   Downloaded ipfs-mfs v0.2.0
[INFO] [stderr]   Downloaded async_ftp v4.0.1
[INFO] [stderr]   Downloaded unix_mode v0.1.1
[INFO] [stderr]   Downloaded ipfs-api v0.8.0-rc.1
[INFO] [stderr]   Downloaded libunftp v0.11.2
[INFO] [stderr]   Downloaded unmemftp v0.1.0
[INFO] running `Command { std: "docker" "create" "-v" "/var/lib/crater-agent-workspace/builds/worker-3/target:/opt/rustwide/target:rw,Z" "-v" "/var/lib/crater-agent-workspace/builds/worker-3/source:/opt/rustwide/workdir:ro,Z" "-v" "/var/lib/crater-agent-workspace/cargo-home:/opt/rustwide/cargo-home:ro,Z" "-v" "/var/lib/crater-agent-workspace/rustup-home:/opt/rustwide/rustup-home:ro,Z" "-e" "SOURCE_DIR=/opt/rustwide/workdir" "-e" "CARGO_TARGET_DIR=/opt/rustwide/target" "-e" "CARGO_HOME=/opt/rustwide/cargo-home" "-e" "RUSTUP_HOME=/opt/rustwide/rustup-home" "-w" "/opt/rustwide/workdir" "-m" "1610612736" "--user" "0:0" "--network" "none" "rustops/crates-build-env@sha256:d92eaeed33fa75130ca1ee6c8a01d1ffb62bac859dfdfb3450e3e5d1c0146529" "/opt/rustwide/cargo-home/bin/cargo" "+72f88fc4e9458f89516a0b8b0868f3718aec5b47" "metadata" "--no-deps" "--format-version=1", kill_on_drop: false }`
[INFO] [stderr] WARNING: Your kernel does not support swap limit capabilities or the cgroup is not mounted. Memory limited without swap.
[INFO] [stdout] 26a275d0755f701ea8dd7f886601e486ae4e989a7db008d692027aa3736d0390
[INFO] running `Command { std: "docker" "start" "-a" "26a275d0755f701ea8dd7f886601e486ae4e989a7db008d692027aa3736d0390", kill_on_drop: false }`
[INFO] running `Command { std: "docker" "inspect" "26a275d0755f701ea8dd7f886601e486ae4e989a7db008d692027aa3736d0390", kill_on_drop: false }`
[INFO] running `Command { std: "docker" "rm" "-f" "26a275d0755f701ea8dd7f886601e486ae4e989a7db008d692027aa3736d0390", kill_on_drop: false }`
[INFO] [stdout] 26a275d0755f701ea8dd7f886601e486ae4e989a7db008d692027aa3736d0390
[INFO] running `Command { std: "docker" "create" "-v" "/var/lib/crater-agent-workspace/builds/worker-3/target:/opt/rustwide/target:rw,Z" "-v" "/var/lib/crater-agent-workspace/builds/worker-3/source:/opt/rustwide/workdir:ro,Z" "-v" "/var/lib/crater-agent-workspace/cargo-home:/opt/rustwide/cargo-home:ro,Z" "-v" "/var/lib/crater-agent-workspace/rustup-home:/opt/rustwide/rustup-home:ro,Z" "-e" "SOURCE_DIR=/opt/rustwide/workdir" "-e" "CARGO_TARGET_DIR=/opt/rustwide/target" "-e" "CARGO_INCREMENTAL=0" "-e" "RUST_BACKTRACE=full" "-e" "RUSTFLAGS=--cap-lints=forbid" "-e" "CARGO_HOME=/opt/rustwide/cargo-home" "-e" "RUSTUP_HOME=/opt/rustwide/rustup-home" "-w" "/opt/rustwide/workdir" "-m" "1610612736" "--user" "0:0" "--network" "none" "rustops/crates-build-env@sha256:d92eaeed33fa75130ca1ee6c8a01d1ffb62bac859dfdfb3450e3e5d1c0146529" "/opt/rustwide/cargo-home/bin/cargo" "+72f88fc4e9458f89516a0b8b0868f3718aec5b47" "check" "--frozen" "--all" "--all-targets" "--message-format=json", kill_on_drop: false }`
[INFO] [stdout] 74f95344c00b5de558c557faedd7e264608907243bc19bf7ebed980acefc6533
[INFO] [stderr] WARNING: Your kernel does not support swap limit capabilities or the cgroup is not mounted. Memory limited without swap.
[INFO] running `Command { std: "docker" "start" "-a" "74f95344c00b5de558c557faedd7e264608907243bc19bf7ebed980acefc6533", kill_on_drop: false }`
[INFO] [stderr] warning: dependency (unmemftp) specified without providing a local path, Git repository, or version to use. This will be considered an error in future versions
[INFO] [stderr]     Blocking waiting for file lock on package cache
[INFO] [stderr]    Compiling syn v1.0.41
[INFO] [stderr]     Checking lazy_static v1.4.0
[INFO] [stderr]    Compiling memchr v2.3.3
[INFO] [stderr]     Checking once_cell v1.4.1
[INFO] [stderr]    Compiling pin-project-internal v0.4.23
[INFO] [stderr]    Compiling proc-macro-nested v0.1.6
[INFO] [stderr]     Checking rand_core v0.4.2
[INFO] [stderr]     Checking futures-io v0.3.5
[INFO] [stderr]    Compiling typenum v1.12.0
[INFO] [stderr]     Checking pin-utils v0.1.0
[INFO] [stderr]    Compiling siphasher v0.3.3
[INFO] [stderr]    Compiling maybe-uninit v2.0.0
[INFO] [stderr]    Compiling autocfg v0.1.7
[INFO] [stderr]     Checking block-padding v0.2.1
[INFO] [stderr]    Compiling itoa v0.4.6
[INFO] [stderr]    Compiling httparse v1.3.4
[INFO] [stderr]     Checking new_debug_unreachable v1.0.4
[INFO] [stderr]     Checking percent-encoding v2.1.0
[INFO] [stderr]     Checking mac v0.1.1
[INFO] [stderr]     Checking arrayvec v0.5.1
[INFO] [stderr]     Checking opaque-debug v0.3.0
[INFO] [stderr]     Checking cpuid-bool v0.1.2
[INFO] [stderr]     Checking untrusted v0.7.1
[INFO] [stderr]     Checking mime v0.3.16
[INFO] [stderr]     Checking utf-8 v0.7.5
[INFO] [stderr]     Checking precomputed-hash v0.1.1
[INFO] [stderr]     Checking tower-service v0.3.0
[INFO] [stderr]     Checking keccak v0.1.0
[INFO] [stderr]    Compiling byteorder v1.3.4
[INFO] [stderr]    Compiling slog v2.5.2
[INFO] [stderr]     Checking alloc-no-stdlib v2.0.1
[INFO] [stderr]    Compiling protobuf v2.17.0
[INFO] [stderr]     Checking unsigned-varint v0.5.1
[INFO] [stderr]     Checking bs58 v0.3.1
[INFO] [stderr]     Checking base64 v0.11.0
[INFO] [stderr]    Compiling prometheus v0.9.0
[INFO] [stderr]     Checking data-encoding v2.3.0
[INFO] [stderr]    Compiling anyhow v1.0.32
[INFO] [stderr]     Checking nodrop v0.1.14
[INFO] [stderr]     Checking unsigned-varint v0.4.0
[INFO] [stderr]     Checking quick-error v1.2.3
[INFO] [stderr]     Checking odds v0.2.26
[INFO] [stderr]    Compiling encoding_rs v0.8.24
[INFO] [stderr]     Checking termcolor v1.1.0
[INFO] [stderr]     Checking std_prelude v0.2.12
[INFO] [stderr]     Checking either v1.6.0
[INFO] [stderr]     Checking itertools v0.4.19
[INFO] [stderr]     Checking bit-vec v0.6.2
[INFO] [stderr]     Checking match_cfg v0.1.0
[INFO] [stderr]     Checking os_str_bytes v2.3.2
[INFO] [stderr]     Checking ipnet v2.3.0
[INFO] [stderr]     Checking unix_mode v0.1.1
[INFO] [stderr]     Checking strsim v0.10.0
[INFO] [stderr]     Checking humantime v2.0.1
[INFO] [stderr]     Checking bytesize v1.0.1
[INFO] [stderr]     Checking pathdiff v0.2.0
[INFO] [stderr]    Compiling generic-array v0.14.4
[INFO] [stderr]    Compiling num-traits v0.2.12
[INFO] [stderr]    Compiling num-integer v0.1.43
[INFO] [stderr]    Compiling proc-macro-error-attr v0.4.12
[INFO] [stderr]    Compiling proc-macro-error v0.4.12
[INFO] [stderr]    Compiling ring v0.16.15
[INFO] [stderr]    Compiling blake3 v0.3.6
[INFO] [stderr]     Checking futures-channel v0.3.5
[INFO] [stderr]     Checking http v0.2.1
[INFO] [stderr]     Checking tracing-core v0.1.16
[INFO] [stderr]     Checking thread_local v1.0.1
[INFO] [stderr]    Compiling phf_shared v0.8.0
[INFO] [stderr]     Checking futf v0.1.4
[INFO] [stderr]     Checking futures-task v0.3.5
[INFO] [stderr]     Checking rand_core v0.3.1
[INFO] [stderr]     Checking rand_jitter v0.1.4
[INFO] [stderr]     Checking alloc-stdlib v0.2.1
[INFO] [stderr]     Checking humantime v1.3.0
[INFO] [stderr]     Checking blake2b_simd v0.5.10
[INFO] [stderr]     Checking blake2s_simd v0.5.10
[INFO] [stderr]    Compiling rand_pcg v0.1.2
[INFO] [stderr]    Compiling rand_chacha v0.1.1
[INFO] [stderr]    Compiling rand v0.6.5
[INFO] [stderr]     Checking itertools v0.9.0
[INFO] [stderr]     Checking log v0.4.11
[INFO] [stderr]     Checking arrayvec v0.3.25
[INFO] [stderr]    Compiling ryu v1.0.5
[INFO] [stderr]     Checking idna v0.2.0
[INFO] [stderr]     Checking bit-set v0.5.2
[INFO] [stderr]     Checking rand_hc v0.1.0
[INFO] [stderr]     Checking rand_xorshift v0.1.1
[INFO] [stderr]     Checking rand_isaac v0.1.1
[INFO] [stderr]     Checking brotli-decompressor v2.3.1
[INFO] [stderr]     Checking tendril v0.4.1
[INFO] [stderr]     Checking phf v0.8.0
[INFO] [stderr]     Checking net2 v0.2.35
[INFO] [stderr]     Checking getrandom v0.1.15
[INFO] [stderr]     Checking socket2 v0.3.15
[INFO] [stderr]     Checking rand v0.5.6
[INFO] [stderr]     Checking dirs-sys v0.3.5
[INFO] [stderr]     Checking rand_os v0.1.3
[INFO] [stderr]     Checking hostname v0.3.1
[INFO] [stderr]     Checking crossbeam-utils v0.7.2
[INFO] [stderr]     Checking want v0.3.0
[INFO] [stderr]     Checking hexdump v0.1.0
[INFO] [stderr]     Checking aho-corasick v0.7.13
[INFO] [stderr]     Checking bstr v0.2.13
[INFO] [stderr]     Checking rand_core v0.5.1
[INFO] [stderr]     Checking slog-scope v4.3.0
[INFO] [stderr]     Checking backtrace v0.3.50
[INFO] [stderr]     Checking openssl v0.10.30
[INFO] [stderr]     Checking dirs v3.0.1
[INFO] [stderr]     Checking mio v0.6.22
[INFO] [stderr]     Checking crossbeam-epoch v0.8.2
[INFO] [stderr]     Checking crossbeam-channel v0.4.4
[INFO] [stderr]     Checking crossbeam-queue v0.2.3
[INFO] [stderr]    Compiling rand_pcg v0.2.1
[INFO] [stderr]     Checking rand_chacha v0.2.2
[INFO] [stderr]     Checking mime_guess v2.0.3
[INFO] [stderr]    Compiling rand v0.7.3
[INFO] [stderr]     Checking crossbeam-deque v0.7.3
[INFO] [stderr]     Checking regex v1.3.9
[INFO] [stderr]     Checking brotli v3.3.0
[INFO] [stderr]     Checking mio-uds v0.6.8
[INFO] [stderr]     Checking crossbeam v0.7.3
[INFO] [stderr]     Checking digest v0.9.0
[INFO] [stderr]     Checking block-buffer v0.9.0
[INFO] [stderr]     Checking crypto-mac v0.8.0
[INFO] [stderr]     Checking http-body v0.3.1
[INFO] [stderr]     Checking slog-stdlog v4.0.0
[INFO] [stderr]     Checking sha-1 v0.9.1
[INFO] [stderr]     Checking sha3 v0.9.1
[INFO] [stderr]     Checking sha2 v0.9.1
[INFO] [stderr]     Checking multihash v0.11.4
[INFO] [stderr]     Checking nanoid v0.3.0
[INFO] [stderr]     Checking uuid v0.8.1
[INFO] [stderr]    Compiling phf_generator v0.8.0
[INFO] [stderr]     Checking sct v0.6.0
[INFO] [stderr]     Checking webpki v0.21.3
[INFO] [stderr]     Checking stfu8 v0.2.4
[INFO] [stderr]     Checking globset v0.4.5
[INFO] [stderr]     Checking env_logger v0.7.1
[INFO] [stderr]    Compiling phf_codegen v0.8.0
[INFO] [stderr]    Compiling string_cache_codegen v0.5.1
[INFO] [stderr]     Checking rustls v0.17.0
[INFO] [stderr]     Checking ignore v0.4.16
[INFO] [stderr]     Checking native-tls v0.2.4
[INFO] [stderr]    Compiling synstructure v0.12.4
[INFO] [stderr]    Compiling syn-mid v0.5.0
[INFO] [stderr]     Checking async-compression v0.3.5
[INFO] [stderr]    Compiling serde_derive v1.0.116
[INFO] [stderr]    Compiling tokio-macros v0.2.5
[INFO] [stderr]    Compiling futures-macro v0.3.5
[INFO] [stderr]    Compiling tracing-attributes v0.1.11
[INFO] [stderr]    Compiling thiserror-impl v1.0.20
[INFO] [stderr]    Compiling failure_derive v0.1.8
[INFO] [stderr]    Compiling html5ever v0.25.1
[INFO] [stderr]    Compiling async-trait v0.1.40
[INFO] [stderr]    Compiling typed-builder v0.6.0
[INFO] [stderr]     Checking failure v0.1.8
[INFO] [stderr]    Compiling clap_derive v3.0.0-beta.1
[INFO] [stderr]     Checking thiserror v1.0.20
[INFO] [stderr]     Checking tokio v0.2.22
[INFO] [stderr]     Checking proxy-protocol v0.1.1
[INFO] [stderr]     Checking tracing v0.1.19
[INFO] [stderr]     Checking pin-project v0.4.23
[INFO] [stderr]     Checking futures-util v0.3.5
[INFO] [stderr]     Checking clap v3.0.0-beta.1
[INFO] [stderr]     Checking serde v1.0.116
[INFO] [stderr]     Checking tokio-util v0.3.1
[INFO] [stderr]     Checking tokio-tls v0.3.1
[INFO] [stderr]     Checking tokio-rustls v0.13.1
[INFO] [stderr]     Checking futures-executor v0.3.5
[INFO] [stderr]     Checking futures v0.3.5
[INFO] [stderr]     Checking common-multipart-rfc7578 v0.2.0-rc
[INFO] [stderr]     Checking tracing-futures v0.2.4
[INFO] [stderr]     Checking h2 v0.2.6
[INFO] [stderr]    Compiling serde_json v1.0.57
[INFO] [stderr]     Checking url v2.1.1
[INFO] [stderr]     Checking string_cache v0.8.0
[INFO] [stderr]     Checking chrono v0.4.15
[INFO] [stderr]     Checking path_abs v0.5.0
[INFO] [stderr]     Checking serde-humantime v0.1.1
[INFO] [stderr]     Checking serde_yaml v0.8.13
[INFO] [stderr]     Checking hyper v0.13.7
[INFO] [stderr]     Checking serde_urlencoded v0.6.1
[INFO] [stderr]     Checking parity-multiaddr v0.9.2
[INFO] [stderr]     Checking libunftp v0.11.2
[INFO] [stderr]     Checking arrsync v0.0.0
[INFO] [stderr]     Checking async_ftp v4.0.1
[INFO] [stderr]    Compiling markup5ever v0.10.0
[INFO] [stderr]     Checking xml5ever v0.16.1
[INFO] [stderr]     Checking hyper-tls v0.4.3
[INFO] [stderr]     Checking hyper-multipart-rfc7578 v0.4.0-rc
[INFO] [stderr]     Checking ipfs-api v0.8.0-rc.1
[INFO] [stderr]     Checking reqwest v0.10.8
[INFO] [stderr]     Checking markup5ever_rcdom v0.1.0
[INFO] [stderr]     Checking unmemftp v0.1.0
[INFO] [stderr]     Checking select v0.5.0
[INFO] [stderr]     Checking ipfs-mfs v0.2.0
[INFO] [stderr]     Checking ftp2mfs v0.1.1 (/opt/rustwide/workdir)
[INFO] [stdout] error[E0432]: unresolved import `crate::provider`
[INFO] [stdout]    --> src/fromftp/provider.rs:122:13
[INFO] [stdout]     |
[INFO] [stdout] 122 |     use crate::provider::Provider;
[INFO] [stdout]     |                ^^^^^^^^
[INFO] [stdout]     |                |
[INFO] [stdout]     |                unresolved import
[INFO] [stdout]     |                help: a similar path exists: `crate::fromftp::provider`
[INFO] [stdout] 
[INFO] [stdout] 
[INFO] [stdout] error[E0599]: no method named `clone` found for struct `Mfs` in the current scope
[INFO] [stdout]    --> src/tomfs.rs:205:24
[INFO] [stdout]     |
[INFO] [stdout] 205 |                 let mfs = self.mfs.clone();
[INFO] [stdout]     |                                    ^^^^^ method not found in `Mfs`
[INFO] [stdout] 
[INFO] [stdout] 
[INFO] [stdout] error[E0599]: no method named `clone` found for struct `Mfs` in the current scope
[INFO] [stdout]    --> src/tomfs.rs:205:24
[INFO] [stdout]     |
[INFO] [stdout] 205 |                 let mfs = self.mfs.clone();
[INFO] [stdout]     |                                    ^^^^^ method not found in `Mfs`
[INFO] [stdout] 
[INFO] [stdout] 
[INFO] [stdout] error[E0599]: no method named `clone` found for struct `Mfs` in the current scope
[INFO] [stdout]    --> src/tomfs.rs:218:24
[INFO] [stdout]     |
[INFO] [stdout] 218 |                 let mfs = self.mfs.clone();
[INFO] [stdout]     |                                    ^^^^^ method not found in `Mfs`
[INFO] [stdout] 
[INFO] [stdout] 
[INFO] [stdout] error[E0599]: no method named `clone` found for struct `Mfs` in the current scope
[INFO] [stdout]    --> src/tomfs.rs:218:24
[INFO] [stdout]     |
[INFO] [stdout] 218 |                 let mfs = self.mfs.clone();
[INFO] [stdout]     |                                    ^^^^^ method not found in `Mfs`
[INFO] [stdout] 
[INFO] [stdout] 
[INFO] [stdout] error[E0599]: no method named `unwrap` found for struct `provider::FtpProvider` in the current scope
[INFO] [stdout]    --> src/fromftp/provider.rs:129:70
[INFO] [stdout]     |
[INFO] [stdout] 18  | pub struct FtpProvider {
[INFO] [stdout]     | ---------------------- method `unwrap` not found for this
[INFO] [stdout] ...
[INFO] [stdout] 129 |         let prov = FtpProvider::new(memstream(Box::new(abc)).await, url()).unwrap();
[INFO] [stdout]     |                                                                            ^^^^^^ method not found in `provider::FtpProvider`
[INFO] [stdout]     |
[INFO] [stdout]     = help: items from traits can only be used if the trait is implemented and in scope
[INFO] [stdout]     = note: the following trait defines an item `unwrap`, perhaps you need to implement it:
[INFO] [stdout]             candidate #1: `brotli::enc::threading::OwnedRetriever`
[INFO] [stdout] 
[INFO] [stdout] 
[INFO] [stdout] error[E0599]: no method named `unwrap` found for struct `provider::FtpProvider` in the current scope
[INFO] [stdout]    --> src/fromftp/provider.rs:137:70
[INFO] [stdout]     |
[INFO] [stdout] 18  | pub struct FtpProvider {
[INFO] [stdout]     | ---------------------- method `unwrap` not found for this
[INFO] [stdout] ...
[INFO] [stdout] 137 |         let prov = FtpProvider::new(memstream(Box::new(abc)).await, url()).unwrap();
[INFO] [stdout]     |                                                                            ^^^^^^ method not found in `provider::FtpProvider`
[INFO] [stdout]     |
[INFO] [stdout]     = help: items from traits can only be used if the trait is implemented and in scope
[INFO] [stdout]     = note: the following trait defines an item `unwrap`, perhaps you need to implement it:
[INFO] [stdout]             candidate #1: `brotli::enc::threading::OwnedRetriever`
[INFO] [stdout] 
[INFO] [stdout] 
[INFO] [stdout] error[E0599]: no method named `unwrap` found for struct `provider::FtpProvider` in the current scope
[INFO] [stdout]    --> src/fromftp/provider.rs:145:70
[INFO] [stdout]     |
[INFO] [stdout] 18  | pub struct FtpProvider {
[INFO] [stdout]     | ---------------------- method `unwrap` not found for this
[INFO] [stdout] ...
[INFO] [stdout] 145 |         let prov = FtpProvider::new(memstream(Box::new(abc)).await, url()).unwrap();
[INFO] [stdout]     |                                                                            ^^^^^^ method not found in `provider::FtpProvider`
[INFO] [stdout]     |
[INFO] [stdout]     = help: items from traits can only be used if the trait is implemented and in scope
[INFO] [stdout]     = note: the following trait defines an item `unwrap`, perhaps you need to implement it:
[INFO] [stdout]             candidate #1: `brotli::enc::threading::OwnedRetriever`
[INFO] [stdout] 
[INFO] [stdout] 
[INFO] [stdout] error[E0599]: no method named `unwrap` found for struct `provider::FtpProvider` in the current scope
[INFO] [stdout]    --> src/fromftp/provider.rs:153:70
[INFO] [stdout]     |
[INFO] [stdout] 18  | pub struct FtpProvider {
[INFO] [stdout]     | ---------------------- method `unwrap` not found for this
[INFO] [stdout] ...
[INFO] [stdout] 153 |         let prov = FtpProvider::new(memstream(Box::new(abc)).await, url()).unwrap();
[INFO] [stdout]     |                                                                            ^^^^^^ method not found in `provider::FtpProvider`
[INFO] [stdout]     |
[INFO] [stdout]     = help: items from traits can only be used if the trait is implemented and in scope
[INFO] [stdout]     = note: the following trait defines an item `unwrap`, perhaps you need to implement it:
[INFO] [stdout]             candidate #1: `brotli::enc::threading::OwnedRetriever`
[INFO] [stdout] 
[INFO] [stdout] 
[INFO] [stdout] warning: unused import: `futures::io::AsyncReadExt`
[INFO] [stdout]    --> src/fromftp/provider.rs:123:6
[INFO] [stdout]     |
[INFO] [stdout] 123 |     use futures::io::AsyncReadExt;
[INFO] [stdout]     |         ^^^^^^^^^^^^^^^^^^^^^^^^^
[INFO] [stdout]     |
[INFO] [stdout]     = note: `#[warn(unused_imports)]` on by default
[INFO] [stdout] 
[INFO] [stdout] 
[INFO] [stdout] error: aborting due to 7 previous errors; 1 warning emitted
[INFO] [stdout] 
[INFO] [stdout] 
[INFO] [stdout] Some errors have detailed explanations: E0432, E0599.
[INFO] [stdout] 
[INFO] [stdout] For more information about an error, try `rustc --explain E0432`.
[INFO] [stdout] 
[INFO] [stderr] error: could not compile `ftp2mfs`.
[INFO] [stderr] 
[INFO] [stderr] To learn more, run the command again with --verbose.
[INFO] [stderr] warning: build failed, waiting for other jobs to finish...
[INFO] [stdout] error: aborting due to 2 previous errors
[INFO] [stdout] 
[INFO] [stdout] 
[INFO] [stdout] For more information about this error, try `rustc --explain E0599`.
[INFO] [stdout] 
[INFO] [stderr] error: build failed
[INFO] running `Command { std: "docker" "inspect" "74f95344c00b5de558c557faedd7e264608907243bc19bf7ebed980acefc6533", kill_on_drop: false }`
[INFO] running `Command { std: "docker" "rm" "-f" "74f95344c00b5de558c557faedd7e264608907243bc19bf7ebed980acefc6533", kill_on_drop: false }`
[INFO] [stdout] 74f95344c00b5de558c557faedd7e264608907243bc19bf7ebed980acefc6533
